{"id":950,"date":"2026-03-30T22:52:55","date_gmt":"2026-03-30T20:52:55","guid":{"rendered":"https:\/\/fajnekartypracy.pl\/?post_type=product&#038;p=950"},"modified":"2026-03-30T22:55:12","modified_gmt":"2026-03-30T20:55:12","slug":"easter-worksheet","status":"publish","type":"product","link":"https:\/\/fajnekartypracy.pl\/index.php\/product\/easter-worksheet\/","title":{"rendered":"Easter worksheet"},"content":{"rendered":"<p data-start=\"543\" data-end=\"790\">Zestaw kart pracy po\u015bwi\u0119cony tematyce\u00a0<strong data-start=\"581\" data-end=\"604\">Easter<\/strong>, przeznaczony dla uczni\u00f3w na poziomie A2\u2013B1. Materia\u0142 umo\u017cliwia przeprowadzenie pe\u0142nej lekcji okoliczno\u015bciowej opartej na czytaniu ze zrozumieniem oraz pracy ze s\u0142ownictwem tematycznym.<\/p>\n<p data-start=\"792\" data-end=\"1014\">Pakiet zawiera tekst dotycz\u0105cy historii Wielkanocy, symboli (m.in. chick, bunny, lamb) oraz tradycji zwi\u0105zanych z obchodami tego \u015awi\u0119ta.<\/p>\n<h3 data-start=\"1016\" data-end=\"1038\">Zawarto\u015b\u0107 zestawu:<\/h3>\n<ul data-start=\"1040\" data-end=\"1427\">\n<li data-start=\"1040\" data-end=\"1079\">\n<p data-start=\"1042\" data-end=\"1079\">tekst (historia, symbole i tradycje)<\/p>\n<\/li>\n<li data-start=\"1080\" data-end=\"1115\">\n<p data-start=\"1082\" data-end=\"1115\">dopasowywanie s\u0142\u00f3w do definicji<\/p>\n<\/li>\n<li data-start=\"1116\" data-end=\"1143\">\n<p data-start=\"1118\" data-end=\"1143\">podpisywanie obrazk\u00f3w<\/p>\n<\/li>\n<li data-start=\"1144\" data-end=\"1171\">\n<p data-start=\"1146\" data-end=\"1171\">zadanie typu true\/false<\/p>\n<\/li>\n<li data-start=\"1172\" data-end=\"1210\">\n<p data-start=\"1174\" data-end=\"1210\">uzupe\u0142nianie luk z bankiem wyraz\u00f3w<\/p>\n<\/li>\n<li data-start=\"1211\" data-end=\"1249\">\n<p data-start=\"1213\" data-end=\"1249\">wykre\u015blanka (word search)<\/p>\n<\/li>\n<li data-start=\"1250\" data-end=\"1279\">\n<p data-start=\"1252\" data-end=\"1279\">pytania zamkni\u0119te do tekstu<\/p>\n<\/li>\n<li data-start=\"1280\" data-end=\"1335\">\n<p data-start=\"1282\" data-end=\"1335\">pytania do dyskusji<\/p>\n<\/li>\n<li data-start=\"1336\" data-end=\"1381\">\n<p data-start=\"1338\" data-end=\"1381\">wyszukiwanie wyraz\u00f3w o podobnym znaczeniu w tek\u015bcie<\/p>\n<\/li>\n<li data-start=\"1382\" data-end=\"1406\">\n<p data-start=\"1384\" data-end=\"1406\">mini-krzy\u017c\u00f3wka<\/p>\n<\/li>\n<li data-start=\"1407\" data-end=\"1427\">\n<p data-start=\"1409\" data-end=\"1427\">klucz odpowiedzi<\/p>\n<\/li>\n<\/ul>\n<p data-start=\"1631\" data-end=\"1797\">Pliki b\u0119d\u0105 dost\u0119pne do pobrania po potwierdzeniu p\u0142atno\u015bci. W przypadku pobra\u0144 natychmiastowych\u00a0<strong>zwroty, wymiany i anulowania nie s\u0105 akceptowane.<\/strong><\/p>\n","protected":false},"excerpt":{"rendered":"<p data-start=\"365\" data-end=\"492\">Zestaw kart pracy na\u00a0<strong data-start=\"386\" data-end=\"409\">Saint Patrick\u2019s Day<\/strong>\u00a0(poziom A2\u2013B1) to gotowa lekcja pe\u0142na czytania, s\u0142ownictwa i anga\u017cuj\u0105cych zada\u0144.<\/p>\n<p data-start=\"494\" data-end=\"699\">W pakiecie znajdziesz tekst o Wielkanocy, symbole oraz a\u017c 9 r\u00f3\u017cnorodnych \u0107wicze\u0144 (m.in. definicje, uzupe\u0142nianie luk, word search, krzy\u017c\u00f3wk\u0119 i pytania do tekstu) + klucz odpowiedzi.<\/p>\n<p data-start=\"701\" data-end=\"784\">Idealny materia\u0142 na lekcj\u0119 \u015bwi\u0105teczn\u0105 w kwietniu \u2013 bez dodatkowego przygotowania.<\/p>\n","protected":false},"featured_media":952,"template":"","meta":{"_uag_custom_page_level_css":"","site-sidebar-layout":"default","site-content-layout":"","ast-site-content-layout":"default","site-content-style":"default","site-sidebar-style":"default","ast-global-header-display":"","ast-banner-title-visibility":"","ast-main-header-display":"","ast-hfb-above-header-display":"","ast-hfb-below-header-display":"","ast-hfb-mobile-header-display":"","site-post-title":"","ast-breadcrumbs-content":"","ast-featured-img":"","footer-sml-layout":"","ast-disable-related-posts":"","theme-transparent-header-meta":"default","adv-header-id-meta":"","stick-header-meta":"","header-above-stick-meta":"","header-main-stick-meta":"","header-below-stick-meta":"","astra-migrate-meta-layouts":"set","ast-page-background-enabled":"default","ast-page-background-meta":{"desktop":{"background-color":"var(--ast-global-color-5)","background-image":"","background-repeat":"repeat","background-position":"center center","background-size":"auto","background-attachment":"scroll","background-type":"","background-media":"","overlay-type":"","overlay-color":"","overlay-opacity":"","overlay-gradient":""},"tablet":{"background-color":"","background-image":"","background-repeat":"repeat","background-position":"center center","background-size":"auto","background-attachment":"scroll","background-type":"","background-media":"","overlay-type":"","overlay-color":"","overlay-opacity":"","overlay-gradient":""},"mobile":{"background-color":"","background-image":"","background-repeat":"repeat","background-position":"center center","background-size":"auto","background-attachment":"scroll","background-type":"","background-media":"","overlay-type":"","overlay-color":"","overlay-opacity":"","overlay-gradient":""}},"ast-content-background-meta":{"desktop":{"background-color":"var(--ast-global-color-4)","background-image":"","background-repeat":"repeat","background-position":"center center","background-size":"auto","background-attachment":"scroll","background-type":"","background-media":"","overlay-type":"","overlay-color":"","overlay-opacity":"","overlay-gradient":""},"tablet":{"background-color":"var(--ast-global-color-4)","background-image":"","background-repeat":"repeat","background-position":"center center","background-size":"auto","background-attachment":"scroll","background-type":"","background-media":"","overlay-type":"","overlay-color":"","overlay-opacity":"","overlay-gradient":""},"mobile":{"background-color":"var(--ast-global-color-4)","background-image":"","background-repeat":"repeat","background-position":"center center","background-size":"auto","background-attachment":"scroll","background-type":"","background-media":"","overlay-type":"","overlay-color":"","overlay-opacity":"","overlay-gradient":""}}},"product_brand":[26],"product_cat":[104],"product_tag":[32,105,47],"class_list":{"0":"post-950","1":"product","2":"type-product","3":"status-publish","4":"has-post-thumbnail","6":"product_brand-fajne-karty-pracy","7":"product_cat-easter","8":"product_tag-crossword","9":"product_tag-easter","10":"product_tag-worksheet","11":"desktop-align-left","12":"tablet-align-left","13":"mobile-align-left","15":"first","16":"instock","17":"downloadable","18":"virtual","19":"purchasable","20":"product-type-simple"},"uagb_featured_image_src":{"full":["https:\/\/fajnekartypracy.pl\/wp-content\/uploads\/2026\/03\/6-3.png",1000,1000,false],"thumbnail":["https:\/\/fajnekartypracy.pl\/wp-content\/uploads\/2026\/03\/6-3-150x150.png",150,150,true],"medium":["https:\/\/fajnekartypracy.pl\/wp-content\/uploads\/2026\/03\/6-3-300x300.png",300,300,true],"medium_large":["https:\/\/fajnekartypracy.pl\/wp-content\/uploads\/2026\/03\/6-3-768x768.png",768,768,true],"large":["https:\/\/fajnekartypracy.pl\/wp-content\/uploads\/2026\/03\/6-3.png",1000,1000,false],"1536x1536":["https:\/\/fajnekartypracy.pl\/wp-content\/uploads\/2026\/03\/6-3.png",1000,1000,false],"2048x2048":["https:\/\/fajnekartypracy.pl\/wp-content\/uploads\/2026\/03\/6-3.png",1000,1000,false],"woocommerce_thumbnail":["https:\/\/fajnekartypracy.pl\/wp-content\/uploads\/2026\/03\/6-3-300x300.png",300,300,true],"woocommerce_single":["https:\/\/fajnekartypracy.pl\/wp-content\/uploads\/2026\/03\/6-3-600x600.png",600,600,true],"woocommerce_gallery_thumbnail":["https:\/\/fajnekartypracy.pl\/wp-content\/uploads\/2026\/03\/6-3-100x100.png",100,100,true]},"uagb_author_info":{"display_name":"Karolina","author_link":"https:\/\/fajnekartypracy.pl\/index.php\/author\/"},"uagb_comment_info":0,"uagb_excerpt":"Zestaw kart pracy na\u00a0Saint Patrick\u2019s Day\u00a0(poziom A2\u2013B1) to gotowa lekcja pe\u0142na czytania, s\u0142ownictwa i anga\u017cuj\u0105cych zada\u0144. W pakiecie znajdziesz tekst o Wielkanocy, symbole oraz a\u017c 9 r\u00f3\u017cnorodnych \u0107wicze\u0144 (m.in. definicje, uzupe\u0142nianie luk, word search, krzy\u017c\u00f3wk\u0119 i pytania do tekstu) + klucz odpowiedzi. Idealny materia\u0142 na lekcj\u0119 \u015bwi\u0105teczn\u0105 w kwietniu \u2013 bez dodatkowego przygotowania.","jetpack_sharing_enabled":true,"_links":{"self":[{"href":"https:\/\/fajnekartypracy.pl\/index.php\/wp-json\/wp\/v2\/product\/950","targetHints":{"allow":["GET"]}}],"collection":[{"href":"https:\/\/fajnekartypracy.pl\/index.php\/wp-json\/wp\/v2\/product"}],"about":[{"href":"https:\/\/fajnekartypracy.pl\/index.php\/wp-json\/wp\/v2\/types\/product"}],"wp:featuredmedia":[{"embeddable":true,"href":"https:\/\/fajnekartypracy.pl\/index.php\/wp-json\/wp\/v2\/media\/952"}],"wp:attachment":[{"href":"https:\/\/fajnekartypracy.pl\/index.php\/wp-json\/wp\/v2\/media?parent=950"}],"wp:term":[{"taxonomy":"product_brand","embeddable":true,"href":"https:\/\/fajnekartypracy.pl\/index.php\/wp-json\/wp\/v2\/product_brand?post=950"},{"taxonomy":"product_cat","embeddable":true,"href":"https:\/\/fajnekartypracy.pl\/index.php\/wp-json\/wp\/v2\/product_cat?post=950"},{"taxonomy":"product_tag","embeddable":true,"href":"https:\/\/fajnekartypracy.pl\/index.php\/wp-json\/wp\/v2\/product_tag?post=950"}],"curies":[{"name":"wp","href":"https:\/\/api.w.org\/{rel}","templated":true}]}}